2 - 0)?
-2
What is 1 + 0 - 5 - -9?
5
What is (20 - 11) + (-3 - 0)?
6
Evaluate -1 + 13 + -24 + 17.
5
What is the value of -1 + 5 - (-1 - -8)?
-3
What is -4 - (-3 + -2) - 0?
1
Evaluate -8 - (-5 - (-1 - (4 - 9))).
1
Evaluate -4 - (-11 - -1 - (-1 - 3)).
2
What is the value of 5 + 3 + -6 + 2?
4
What is 0 + -2 + -3 + 2?
-3
Calculate (0 - 4) + (20 - 20).
-4
-4 + 7 + (9 - 14)
-2
Calculate 6 + -9 + 1 + -2 - 0.
-4
Calculate 11 + -2 - (3 + 3).
3
Evaluate (5 + -11 - -8) + (5 - 12).
-5
What is the value of 0 - -2 - (-3 - (-5 - 1))?
-1
What is -41 + 43 + -8 + 1?
-5
Evaluate -1 + (-3 - -3) + (-2 - -6).
3
What is the value of (8 + 6 - -8) + -12?
10
Evaluate 0 - (12 - (0 + 9)).
-3
What is the value of 6 + (-2 + 9 - 8)?
5
Evaluate -14 + 2 - (-29 - -24).
-7
Calculate 6 - (8 + -3 + 2).
-1
What is -6 + -7 + 17 - (1 + 0)?
3
What is 4 + -2 + (2 - -1)?
5
Evaluate 2 + -2 - (-8 - -2).
6
Evaluate 2 + (0 - 0) + -8.
-6
What is 17 + -17 - (2 - 2)?
0
Calculate (0 - 0) + (-4 - (6 - 10)).
0
Calculate 5 + (7 - 3) + -12.
-3
(4 - (3 + -2)) + -5
-2
What is (5 - 14) + 3 - -4?
-2
Evaluate 6 + (3 - (-1 - -1)).
9
Calculate (-8 + 4 + -3 - 0) + 12.
5
What is the value of -5 + (1 - 10 - -19)?
5
What is -5 + 3 + -1 + 1?
-2
Calculate (4 - 6) + 2 + -1.
-1
What is 3 + -9 + -7 - -13?
0
Evaluate -1 + (9 + -4 - 2).
2
Calculate 2 + 2 + (8 - 8) + 4.
8
Calculate 65 + -73 + (7 - 0) - -5.
4
What is -14 + (2 - 2) - (-18 - -12)?
-8
0 + -3 + 0 + 4 + -1
0
What is 3 - (-9 + 4 + 7)?
1
Evaluate 6 + (3 - 12) + -7.
-10
What is -4 - -5 - -3 - 0?
4
What is 4 - ((0 - 1) + 4 - -6)?
-5
(0 - -5) + 0 + -2
3
Calculate -5 + (-1 - 0 - 1 - 0).
-7
6 + (-5 - -1) + 10 + -14
-2
Calculate 0 + (4 - 0) - 5.
-1
What is (34 - 40) + (1 - 1) + 4?
-2
What is -5 - (-4 - (-3 + 3) - 2)?
1
What is 10 + -1 + -3 - 1?
5
(4 - (3 - 9)) + -3
7
What is -1 - (-7 + 12 + -5 + -6)?
5
What is -4 + (-1 + 0 - (0 + -3))?
-2
6 + (-6 - (-8 + 2))
6
(-21 - (-4 + -11)) + (-2 - 0)
-8
What is -3 - 2 - (18 - (-2 - -14))?
-11
What is the value of -3 - (2 - (-6 + (1 - -14)))?
4
What is (31 - 25) + 1 + 1 + -4?
4
Calculate -3 + (1 + 1 - (-1 - -5)).
-5
What is the value of 1 + (-4 - -7) + -3?
1
What is the value of -3 + (0 - -2 - -4 - 0)?
3
What is 7 + -1 + -4 + -7?
-5
4 - (-11 + 24 + -3)
-6
Calculate -7 + 1 - (10 + -17) - -1.
2
(-7 + -1 - (21 - 23)) + -1
-7
-8 + (-5 - -6 - -1) + 2
-4
What is (0 - -3 - -1) + -1 + -5?
-2
What is the value of -4 + -1 + 11 + -1 - 0?
5
Evaluate (-3 - (-3 + 13)) + 6.
-7
What is the value of 8 - (2 + 2) - (38 + -32)?
-2
128 + -125 + -11 + 1
-7
Evaluate 3 - ((3 - 0) + -5).
5
(-2 + 0 - -5) + -6
-3
What is the value of (-90 - -87) + (5 - 0)?
2
3 + (4 + -8 - -3) + -1
1
1 + 7 - (14 + -6)
0
2 - -1 - (-6 + 7 + -3)
5
What is the value of 2 + 4 + 3 + -3 + -1?
5
What is 2 - 0 - (3 - (-4 - -5))?
0
-8 + (3 + (-2 - -3) - 0)
-4
Calculate (-3 - -8) + -14 + 14.
5
Evaluate (-3 - 3) + (5 - (3 + -11)).
7
(234 - 226) + (0 - 0)
8
9 - (5 + (-14 - -11))
7
What is -6 + (1 - 5) + 15 + -1?
4
Calculate 13 + -9 + -6 + 2.
0
What is 0 - -4 - (-8 - (4 - 13))?
3
Calculate (-3 - -3 - -2) + 0 - 4.
-2
Evaluate 1 + -2 - (3 - (4 - 6)).
-6
What is the value of -9 + -5 + 11 - -1?
-2
Calculate -9 + (5 - (5 - 2)).
-7
Evaluate 2 - (-1 + -1 + 4).
0
Evaluate 1 + -6 + (9 + -15 - -10).
-1
Calculate -2 + -2 + 8 + (-8 - -5).
1
4 - (-3 + (3 - (1 - -1)))
6
Evaluate -3 - (-7 - 3 - (-3 + -1)).
3
What is the value of 9 - (13 + -2 - 6)?
4
Evaluate (2 - 8) + 8 + -6.
-4
-3 - (-13 + 8 - -7)
-5
13 + -10 + (10 - 12)
1
-2 - -2 - 0 - (-12 + 11)
1
Calculate -49 - -57 - (0 + (-2 - -20)).
-10
What is the value of 0 + (-7 - -1 - -2)?
-4
Calculate (-19 - -16) + 12 + -1 + -1.
7
Calculate -3 - (0 + -5) - 6.
-4
Calculate 3 + (14 + -8 - 10) + -4.
-5
Calculate -1 - (3 + (-6 - 1)).
3
7 - (5 - (4 + -3))
3
Evaluate -7 - (-3 - (2 + 3)).
1
Evaluate (1 - (0 - -1)) + -3.
-3
Calculate -3 + -4 + 1 + 1 - -6.
1
What is 6 + 4 - (8 + -1)?
3
(1 - -1) + -7 + (0 - -3)
-2
Calculate -6 - (-3 + -3) - -2.
2
What is -10 + 10 - 1 - (-1 + -3)?
3
What is the value of -16 + 0 + 2 + 5 + 0?
-9
Evaluate (-9 - -5) + 0 + 0 + 0.
-4
What is -1 - 3 - ((-6 - -7) + -4)?
-1
-1 - (2 - (-2 + 4) - 3)
2
4 + 0 - (22 + -7 - 9)
-2
0 + 0 + (-3 - -10 - 7)
0
Evaluate 7 - (-1 - -4 - 0) - 0.
4
What is the value of 2 - (3 + -2 - (7 + -12))?
-4
3 + (-3 - -9) - 6
3
What is the value of 0 + 4 + -6 + 1?
-1
What is -4 - 2 - -3 - -4?
1
(-5 - -4 - 1) + 0 + -1
-3
What is (-2 + 1 - -1 - -2) + 1?
3
What is the value of 2 + 0 + 8 + -4 + -5?
1
Calculate (-2 - -8) + 1 + -8.
-1
What is (1 - (19 + -13)) + 2?
-3
What is -9 + (-2 - -11) + -4?
-4
Evaluate -22 + 23 + (1 - -2).
4
Evaluate 2 + (-5 - 1 - -1).
-3
0 + -3 + (2 - 0)
-1
0 + 7 - 1 - 11
-5
Evaluate -8 + (4 - 5 - -4).
-5
What is the value of (-5 - -2) + (9 - 11) + 6?
1
Evaluate (7 - 3 - 4 - -4) + -3.
1
Evaluate -76 - -89 - (-1 + 9).
5
2 + 1 + -1 + 1 + -7
-4
What is the value of -7 + 13 + -3 + 1?
4
-8 - (3 - (8 - 0))
-3
What is the value of 7 + -12 + (-2 - (2 - 13))?
4
Evaluate -5 - (-1 + 0) - (2 - 1).
-5
Evaluate 1 + (2 - (-3 + -1)).
7
What is the value of (-5 - -2) + -1 + 1?
-3
Calculate (0 - 1) + 1 + -9 + 11.
2
What is the value of (5 - (-2 - -4)) + (-8 - -3)?
-2
What is -10 + (2 - (6 - 13)) + -1?
-2
What is -3 - 1 - (-9 + 0)?
5
What is the value of -5 + (3 - 0) + (-9 - -10)?
-1
What is 1 - (-3 + 10 + -18 + 11)?
1
(0 - -1) + (-29 - -30)
2
What is the value of (-7 - -12 - 16) + 12?
1
What is 0 - 3 - (25 - 20)?
-8
-5 + 0 + (15 - 12)
-2
Evaluate 1 - ((-12 - (1 - 3)) + 5).
6
Evaluate -26 - -29 - (3 + -1 + 0).
1
Evaluate -4 - ((4 - 13) + 12).
-7
What is -6 + -5 + 10 + -7 + 17?
9
Evaluate 2 - (4 + 0 + 4 + -2).
-4
What is 0 - 0 - (-6 - -3)?
3
(-11 - (-21 - -8)) + 1 + 8
11
What is (4 + -6 - 0) + -5 - -12?
5
Calculate 16 + -3 - (8 - -1).
4
What is -3 + -7 + 9 - (-2 + 1)?
0
Evaluate (-10 - 3) + (-56 - -68).
-1
What is (-11 - 1) + 22 + -23 + 4?
-9
Calculate 10 - ((6 - -1) + -3).
6
Calculate 2 + -1 + 2 + 10 + -9.
4
(-4 - 2) + 5 - -4
3
1 - 7 - (14 - (24 - -3))
7
What is (0 - (-4 - (-8 - -3))) + 1?
0
What is the value of -1 + (9 - 4) + -6?
-2
What is -2 - (2 + -1 + 3 - 2)?
-4
Calculate (13 - (3 - -4)) + -3.
3
Evaluate 0 - -6 - (5 + -7 + 11).
-3
7 + -2 - (0 + 3)
2
What is -14 + 24 - (0 - -8)?
2
What is the value of -10 + (1 - (-2 + -3))?
-4
What is 4 + -6 + 2 + 0 + 0?
0
What is (8 - 13) + 1 + -1 + 2?
-3
Evaluate -6 + -4 + (-5 - -12) - 4.
-7
Calculate -82 - -76 - (-9 + -1).
4
Evaluate 147 + -149 - (-1 - (-3 + -1)).
-5
Evaluate 7 + (-6 - 15) - -7.
-7
What is the value of (1 - 1) + -4 + 2?
-2
Evaluate 10 + 10 + (0 - 28).
-8
Calculate 9 - 8 - ((0 - 0) + 3).
-2
What is 3 + -7 + -2 - -10?
4
6 + -9 + 1 + -1 + 6
3
Calculate 8 + -5 - 4 - (3 - 0).
-4
What is (-2 - -3) + (-2 - 2 - -2)?
-1
Evaluate 6 - (-1 + 9 + 1 + 4).
-7
Calculate -4 - -5 - (-1 - (1 - 0)).
3
Calculate (5 - 1) + 0 + 0 + 0.
4
-3 - (-4 + (1 - (-2 - -1)))
-1
-4 + (14 + -11 - (1 - 0))
-2
Evaluate -4 + 3 + -5 + 3.
-3
Evaluate -1 + (-4 - (-4 - 2)).
1
What is the value of -3 + (-4 - -3) + -1?
-5
-2 + 11 + -8 - (3 + 2)
-4
Evaluate -1 + 10 + -40 + 36.
5
Evaluate 0 + 6 - 2 - 1.
3
Evaluate (-3 - (-4 + 5)) + 0.
-4
What is 1 + -3 - (9 + -14)?
3
Evaluate (-4 - -2) + (-18 - -19).
-1
Calculate 3 + 1 + (2 - 1).
5
What is the value of 3 - (4 - -11) - -10?
-2
Calculate 6 + (-4 - (-11 + 8)).
5
-2 + (-5 - -10) + 2
5
What is the value of (-30 - -38) + (-9 - 0)?
-1
Evaluate -2 + 2 + 1 + 0 + 1.
2
Calculate (8 + -4 - 4) + -2 + -3.
-5
What is -3 + 6 + 6 + -4?
5
What is (2 + 6 + -13 - -3) + 2?
0
-7 - (0 - -5) - -5 - 1
-8
What is the value of 2 + 3 + 1 + -1 - 4?
1
What is the value of -2 + 0 + 6 - (-52 - -60)?
-4
What is 2 - (-9 + 4 + 15 + -3)?
-5
(-2 + 5 - (3 - -1)) + 5
4
What is the value of -17 + 14 + (2 - -5)?
4
What is the value of 28 + -31 - (-1 + 0 + -3)?
1
What is the value of -2 - (1 - 1) - 3?
-5
What is the value of -11 + (3 - (-4 + 3 + -1))?
-6
Calculate -11 + (-2 - ((5 - 0) + -12)).
-6
What is the value of -5 + 0 + -1 + (1 - -4)?
-1
(1 - 5) + 17 + (-4 - 5)
4
-9 + 2 + -6 + 8
-5
Calculate -2 + -11 + 5 - -5.
-3
6 + 0 + -1 - 7
-2
-2 + -5 - -5 - -2
0
What is (-7 + 11 - 5) + 1 + -3?
-3
What is -1 - (0 + (1 - 1) + 1)?
-2
Evaluate 1 + 5 + -5 + 3.
4
5 - (2 - 8) - 10
1
0 - 0 - 3 - -1
-2
6 + -12 - (0 - 3)
-3
Evaluate -3 + -11 + (-5 + 2 - -8).
-9
8 + (0 - 3) - 8
-3
Calculate (-13 - -1 - 0) + (